 is the highest common factor of 61992 and 14?
14
Calculate the highest common factor of 8341 and 878.
439
What is the greatest common factor of 136 and 17?
17
What is the greatest common divisor of 20 and 1210?
10
What is the greatest common factor of 40 and 1220?
20
Calculate the greatest common factor of 54 and 63.
9
What is the highest common factor of 128 and 1312?
32
What is the highest common divisor of 27 and 351?
27
Calculate the greatest common divisor of 19 and 109231.
19
What is the highest common divisor of 18 and 8649?
9
Calculate the highest common divisor of 31 and 3317.
31
What is the highest common divisor of 72038 and 362?
362
Calculate the highest common factor of 3992 and 16.
8
What is the highest common factor of 472 and 16?
8
Calculate the highest common divisor of 70 and 588.
14
Calculate the greatest common divisor of 12 and 4680.
12
Calculate the highest common divisor of 108 and 7524.
36
What is the greatest common divisor of 153 and 36?
9
What is the highest common divisor of 165 and 3520?
55
Calculate the greatest common factor of 77 and 110.
11
Calculate the greatest common factor of 15557 and 94.
47
Calculate the highest common factor of 231 and 10087.
77
Calculate the highest common factor of 42 and 2408.
14
What is the greatest common divisor of 205 and 4715?
205
Calculate the greatest common factor of 459 and 17901.
459
What is the highest common factor of 210 and 168?
42
What is the greatest common divisor of 32494 and 154?
154
Calculate the greatest common factor of 34 and 29597.
17
Calculate the greatest common divisor of 1914 and 77.
11
Calculate the highest common divisor of 300 and 4308.
12
What is the highest common divisor of 299 and 368?
23
Calculate the greatest common divisor of 261 and 58.
29
Calculate the highest common factor of 870 and 2784.
174
What is the highest common divisor of 100 and 250?
50
Calculate the greatest common factor of 9 and 5121.
9
What is the greatest common factor of 445 and 125?
5
Calculate the highest common divisor of 25 and 1100.
25
Calculate the greatest common divisor of 84 and 224.
28
Calculate the greatest common factor of 10 and 24535.
5
What is the highest common factor of 3064 and 24?
8
Calculate the highest common divisor of 220 and 11.
11
Calculate the highest common factor of 1136 and 752.
16
Calculate the highest common divisor of 19 and 76.
19
Calculate the greatest common factor of 385 and 3773.
77
What is the highest common factor of 2 and 1514?
2
Calculate the greatest common factor of 5456 and 1023.
341
What is the greatest common divisor of 20 and 190?
10
What is the greatest common factor of 689 and 265?
53
What is the greatest common divisor of 1105 and 4505?
85
What is the greatest common divisor of 272 and 16?
16
Calculate the highest common factor of 280 and 2680.
40
What is the greatest common factor of 528 and 48?
48
Calculate the greatest common divisor of 46 and 322.
46
What is the highest common factor of 120 and 255?
15
What is the highest common factor of 1925 and 5500?
275
What is the greatest common divisor of 6 and 58?
2
What is the greatest common divisor of 44 and 1804?
44
What is the highest common divisor of 36 and 13554?
18
Calculate the highest common divisor of 2988 and 288.
36
Calculate the greatest common factor of 4482 and 216.
54
Calculate the highest common factor of 34 and 29.
1
What is the greatest common divisor of 28 and 140?
28
What is the greatest common factor of 4407 and 39?
39
Calculate the highest common factor of 1572 and 6.
6
Calculate the greatest common divisor of 17 and 1411.
17
Calculate the greatest common divisor of 561 and 44.
11
What is the greatest common divisor of 836 and 44?
44
Calculate the highest common divisor of 40 and 270.
10
What is the greatest common divisor of 319 and 187?
11
Calculate the highest common factor of 11269 and 382.
191
What is the greatest common divisor of 369 and 63?
9
What is the greatest common factor of 7110 and 180?
90
What is the greatest common factor of 59 and 767?
59
Calculate the greatest common factor of 6 and 96.
6
What is the highest common divisor of 6 and 30?
6
Calculate the greatest common factor of 72 and 576.
72
Calculate the highest common divisor of 576 and 792.
72
What is the greatest common divisor of 3870 and 90?
90
Calculate the highest common divisor of 20 and 1330.
10
What is the highest common factor of 364 and 52?
52
What is the greatest common divisor of 2256 and 192?
48
What is the greatest common divisor of 77 and 35?
7
What is the greatest common divisor of 52 and 35516?
52
What is the greatest common divisor of 16 and 2472?
8
What is the greatest common divisor of 1560 and 26?
26
Calculate the highest common divisor of 50 and 9925.
25
Calculate the greatest common factor of 69 and 12.
3
What is the greatest common factor of 9185 and 110?
55
What is the highest common divisor of 3819 and 402?
201
What is the greatest common factor of 15 and 35?
5
Calculate the highest common factor of 448 and 36.
4
Calculate the greatest common factor of 18 and 1728.
18
Calculate the highest common divisor of 61 and 7808.
61
Calculate the greatest common divisor of 8251 and 37.
37
Calculate the greatest common divisor of 240 and 192.
48
Calculate the greatest common divisor of 393 and 1441.
131
What is the greatest common divisor of 198 and 36?
18
What is the highest common divisor of 98 and 4?
2
Calculate the greatest common divisor of 686 and 2450.
98
Calculate the greatest common factor of 1240 and 372.
124
What is the highest common factor of 344 and 104?
8
Calculate the highest common divisor of 20 and 5050.
10
Calculate the highest common factor of 800 and 125.
25
Calculate the greatest common factor of 80 and 2384.
16
Calculate the greatest common divisor of 10387 and 39.
13
Calculate the greatest common factor of 170 and 442.
34
Calculate the highest common factor of 859 and 3.
1
What is the highest common factor of 2046 and 66?
66
Calculate the highest common factor of 1632 and 340.
68
What is the greatest common divisor of 5930 and 10?
10
What is the greatest common factor of 156 and 1464?
12
What is the greatest common factor of 8264 and 8?
8
What is the highest common factor of 897 and 13?
13
Calculate the highest common divisor of 88 and 88.
88
Calculate the highest common divisor of 1104 and 1794.
138
Calculate the greatest common divisor of 92 and 690.
46
What is the highest common divisor of 23 and 115?
23
Calculate the greatest common factor of 18 and 1602.
18
Calculate the greatest common divisor of 464 and 1744.
16
What is the greatest common divisor of 95 and 19?
19
Calculate the highest common divisor of 21 and 13503.
21
What is the highest common divisor of 5679 and 27?
9
Calculate the highest common divisor of 35 and 80.
5
What is the highest common divisor of 1152 and 352?
32
What is the greatest common factor of 416 and 2132?
52
What is the highest common divisor of 8 and 872?
8
Calculate the highest common factor of 5012 and 6.
2
Calculate the greatest common factor of 2125 and 34.
17
Calculate the greatest common divisor of 352 and 160.
32
Calculate the greatest common factor of 6023 and 19.
19
Calculate the highest common factor of 233 and 13747.
233
Calculate the highest common divisor of 6 and 528.
6
What is the greatest common divisor of 69 and 46?
23
Calculate the greatest common factor of 55 and 1793.
11
What is the highest common divisor of 2248 and 24?
8
What is the greatest common factor of 2085 and 60?
15
Calculate the highest common factor of 44 and 1210.
22
Calculate the greatest common divisor of 8 and 1576.
8
What is the highest common divisor of 258 and 246?
6
What is the greatest common divisor of 324 and 24?
12
What is the highest common factor of 6700 and 100?
100
What is the greatest common factor of 61 and 549?
61
Calculate the greatest common divisor of 540 and 8370.
270
Calculate the highest common divisor of 85 and 935.
85
Calculate the greatest common factor of 3939 and 8484.
303
What is the greatest common divisor of 42 and 896?
14
Calculate the greatest common factor of 105 and 490.
35
What is the highest common divisor of 380 and 15?
5
Calculate the greatest common divisor of 185 and 74.
37
What is the gre